(i). Calculate the greatest common divisor of 10 and n.
10
Let j = 24 - -45. What is the highest common divisor of 3 and j?
3
Let u(r) = 349*r**2 - 14*r - 20. Let x be u(-2). What is the highest common divisor of x and 9?
9
Suppose -5*u + 27 = w, 36 - 14 = 2*w + 2*u. Calculate the greatest common factor of 1 and w.
1
Let v(o) = 2*o**2 + 7*o + 41. Let q be v(-10). What is the greatest common factor of 228 and q?
57
Suppose -16*h + 20*h + b - 25 = 0, -5*h + 35 = 5*b. Calculate the greatest common divisor of 16 and h.
2
Let g = 660 + -621. What is the highest common factor of g and 221?
13
Suppose -2*o + 0*o = -2*b + 38, -3*o = -5*b + 49. Let h = 23 + o. Suppose h = -4*y + 24 + 56. Calculate the highest common factor of 220 and y.
20
Let w(y) = y**3 - 10*y**2 - 11*y + 4. Let n be w(11). Let t be (0 - -1)*(44 + 3). Let x = t - 31. Calculate the greatest common divisor of n and x.
4
Let j = -369 + 586. Calculate the highest common divisor of j and 31.
31
Let w(z) = -z**2 + 16*z - 10. Suppose -4*y = 2*y - 36. Let n be w(y). Calculate the highest common divisor of 10 and n.
10
Let r be ((-30)/(-20))/((-6)/(-8)). Suppose q + 12 = 3*l, r*q + 3*q = 0. Suppose o = -o + l. Calculate the highest common factor of 4 and o.
2
Let q(u) = u**3 + 9*u**2 + 2*u + 20. Let m be q(-9). Suppose -5*s + 466 = m*g, s = -g + 58 + 178. What is the greatest common factor of g and 14?
14
Let t be 2 + -4 + 6 + 0. Suppose 2*z - 6 = -3*i + 2*i, -z = 4*i + t. Let o be 1542/11 - i/(-11). What is the greatest common factor of o and 14?
14
Let m(w) = -w**3 - 9*w**2 - 8*w. Let a be m(-7). Let h = 49 + a. Let d(k) = -k - 1. Let v be d(-2). Calculate the highest common factor of v and h.
1
Let r be ((-988)/152)/((-1)/6). Calculate the highest common factor of r and 3.
3
Let t be 1/(-4) + (-111)/(-12). Let n be (-42)/(-8)*(-8 - -12). Let c = 30 - n. What is the greatest common factor of c and t?
9
Let j(m) = 9*m**2 - 60*m + 51. Let c be j(17). Calculate the greatest common divisor of 102 and c.
102
Suppose 378 = 9*o - 18. Calculate the highest common factor of 594 and o.
22
Let i be (-10 - -4) + (-8 - -114). What is the greatest common factor of 175 and i?
25
Suppose 0 = -l - 3*l. Suppose 5*z = 2*a - a + 59, l = -2*z - 4*a + 28. Let f be (-510)/(-21) - 4/14. Calculate the greatest common factor of z and f.
12
Let r(o) = 24*o**2 - 1. Let v be r(2). Let z be 18 - 1/(-4)*4. Calculate the greatest common divisor of z and v.
19
Suppose y - 16 - 66 = -2*i, -4*i - y + 166 = 0. Let x(z) = z**2 - 8*z + 5. Let m be x(6). Let f = i + m. What is the highest common factor of 7 and f?
7
Let i(c) = -22*c**3 - c**2 + 12*c + 12. Let d be i(-1). Calculate the greatest common divisor of d and 21.
21
Let p be 5/((-40)/(-192)) - (-4)/1. Calculate the greatest common factor of p and 448.
28
Let h be (3/2)/((-5)/(-50)). Let u = h - 11. Suppose 64 = u*x + 4*x. Calculate the highest common divisor of 4 and x.
4
Let s(r) = r**3 + r**2 - 33*r - 77. Let a be s(-3). Calculate the highest common divisor of a and 98.
2
Let w(b) = b**2 + 10*b - 10. Let m(f) = -12*f + 1. Let y be m(1). Let l be w(y). Let a = 9 - l. What is the highest common factor of 32 and a?
8
Suppose 5*r = c - 22, -4 = 5*c + 3*r - 2. Let x(k) = -k**3 + 0 - 9*k + 4 + 0 - c + 9*k**2. Let q be x(6). What is the highest common factor of 8 and q?
8
Suppose 3*t - h + 15 = 1, 0 = -3*h - 3. Let d be (-10 - -14)*(1 - t). What is the highest common divisor of d and 24?
24
Let o be (-10)/15 + (-66)/(-18). Let m be 401/o - 64/(-48). Calculate the greatest common divisor of m and 15.
15
Suppose -y + 2*y - 2 = 0. Suppose -y*v + 240 = v. What is the greatest common factor of 16 and v?
16
Let u be ((-4)/3)/(14/(-21)). Suppose 2*r + 10 = 0, -v + 75 = -6*v + u*r. Let g = 27 + v. What is the highest common factor of 100 and g?
10
Let h = -353 + 409. Calculate the greatest common factor of h and 532.
28
Let g = 779 - 539. What is the greatest common divisor of 180 and g?
60
Let n = -27 + 39. Suppose -48 = 4*s - 4*i, 0*i = 4*s - 3*i + 46. Let a be (4/s)/(2/(-180)). Calculate the highest common divisor of n and a.
12
Suppose -3*d + 1 = -h - 9, -4*d + 3*h + 15 = 0. Let t(f) = 2*f**3 - f**2 - 3*f - 1. Let p be t(d). Calculate the greatest common factor of p and 5.
5
Let t(q) = -q**3 - 8*q**2 - 5*q + 8. Let d be t(-8). Let c(x) = -49*x + 1200. Let k be c(24). Calculate the highest common factor of d and k.
24
Let l(h) = -3*h. Let r be l(1). Let a be (-6)/(r*(-2)/(-4)). Let y = 123 - 121. What is the greatest common divisor of a and y?
2
Let d be (-8)/(-14)*539/14. Suppose 8*x - 190 = -d. What is the greatest common factor of x and 168?
21
Let h = 1572 - 1529. What is the highest common divisor of 1333 and h?
43
Suppose 0 = -4*a + 2*k + 216, 9*k - 11*k = 5*a - 270. Calculate the highest common divisor of 108 and a.
54
Let c be 12/32 + 186/16. Calculate the greatest common divisor of 396 and c.
12
Let a = 45 + -9. Suppose -2*i - 6 = -2*b, -b + 5*b + 4*i = a. What is the greatest common divisor of 4 and b?
2
Suppose 40*j - 240 = 16*j. Calculate the highest common factor of j and 55.
5
Suppose 3*y - 30 = -3. Suppose -4*t - 4*c = -9*t + 348, 4*t - 294 = -2*c. What is the greatest common factor of t and y?
9
Let i be 654 + 1 - (-161 + 153). Calculate the greatest common divisor of 102 and i.
51
Let y = -55 + 102. What is the greatest common divisor of y and 423?
47
Let f(w) = w + 16. Let l be f(-14). Suppose -2*b + 3*d = -77, -d + 81 = -l*b + 4*b. Suppose h - b = -4*h. Calculate the highest common divisor of h and 88.
8
Let n(s) = -s**3 - 4*s**2 + 3*s - 7. Let v be 5/(-20) + (-13)/(-4). Let x = v + -8. Let z be n(x). What is the greatest common factor of z and 27?
3
Suppose 2046 = 4*o - p, -4*p = -2*o - 9*p + 1012. Suppose 3*a = o - 160. What is the highest common factor of 13 and a?
13
Suppose 0 = -10*u + 39*u - 5684. Calculate the greatest common factor of u and 84.
28
Suppose 11 = 5*f + 2*h - 85, 0 = 2*h - 6. Let m be 54/(-9 + 11)*(-4)/(-6). What is the greatest common divisor of m and f?
18
Suppose 3*d = -d + 8. Let h(n) = -n + 5. Let o be h(0). Suppose 0 = -o*u + 12 + 98. What is the highest common factor of u and d?
2
Let n(i) = 17*i + 274. Let s be n(-16). Let l = -1 + 1. Suppose -s*j + l*j = -32. What is the highest common factor of j and 112?
16
Suppose 489 = 15*c - 726. What is the highest common divisor of c and 153?
9
Suppose 112 + 128 = 5*o. Suppose 0 = -13*r + 15*r - o. Calculate the greatest common divisor of r and 30.
6
Let b(l) = -l**3 - 8*l**2 - 19*l + 81. Let z be b(-7). Calculate the highest common divisor of 45 and z.
15
Suppose -12*m + 13*m - 2*c = 29, -4*c = 5*m - 75. Let r(l) = 152*l**2 - l - 1. Let v be r(-1). Calculate the greatest common divisor of v and m.
19
Suppose -5*q = -6 - 34. Let x be (-10)/25*(-10)/4. What is the greatest common factor of q and x?
1
Let x(z) = 4*z - 9. Let l be x(7). Suppose -3*r = 15, l = 3*p + 2*r - 61. What is the highest common factor of 10 and p?
10
Let l(v) = v**2 + 8*v + 3. Let n be l(-7). Let c be 10/n*110/(-25). Calculate the highest common divisor of 121 and c.
11
Let d(g) = g**3 - 6*g**2 - 15*g + 2. Let n be d(8). Let y = n - -116. Calculate the highest common factor of 14 and y.
14
Suppose 0 = -51*o + 43*o + 80. What is the highest common divisor of 425 and o?
5
Let h = -25 + 23. Let u(k) = -2*k**2 - k + 2. Let f be u(h). Let x be 1*f + 335/5. Calculate the highest common divisor of 7 and x.
7
Suppose 3*q = 243 + 240. Suppose i - 4*u = 15, i + 9*u - 12*u - 17 = 0. Calculate the highest common divisor of q and i.
23
Suppose 14*l = 6*l + 1120. Suppose -l = -4*b - z, -3*z = 3*b - 25 - 80. Calculate the highest common factor of b and 280.
35
Let p(o) = -29*o - 28. Let a be p(-4). Suppose f - 8 = -0*f. Calculate the highest common factor of a and f.
8
Suppose 54 = 10*c - 12*c. Let j = c - -45. Calculate the greatest common divisor of 27 and j.
9
Suppose -4*m = 2*i - 138, -5*i - 5*m + 209 = -2*i. What is the greatest common divisor of i and 5?
1
Let o be 24/(-20)*(-2480)/48. What is the highest common factor of 961 and o?
31
Let f = 7 + -4. Suppose -5*l - 35 = -2*n - n, 3*n - 45 = f*l. Let i = 67 - 62. Calculate the greatest common divisor of n and i.
5
Suppose -3771*h = -3783*h + 72. Suppose 0 = 5*v - 0*v + 4*g - 